= -2*i**3 - 26*i**2 - 13*i - 109. Give d(-13).
60
Let d(z) = z**3 - 15*z**2 + 102*z - 1395. Calculate d(15).
135
Let v(n) = -9*n + 244. Give v(27).
1
Let k(d) = d**3 + 30*d**2 - 32*d - 20. What is k(-31)?
11
Let m(v) = -2*v**2 + 135*v - 1374. What is m(55)?
1
Let b(x) = -419*x - 5050. Calculate b(-12).
-22
Let k(r) = 42*r - 366. Determine k(9).
12
Let j(b) = b + 287. What is j(-54)?
233
Let d(q) = q**3 + 11*q + 56. Determine d(-3).
-4
Let y(h) = -h**2 - 986*h + 9985. Calculate y(10).
25
Let n(f) = -41*f - 84. Give n(-3).
39
Let v(z) = -z**3 + 4*z**2 - 10*z + 14. Give v(6).
-118
Let i(f) = -59*f - 146. What is i(-3)?
31
Let x(j) = -j**2 + 62*j - 801. Determine x(18).
-9
Let p(a) = -a**3 - 144*a**2 - 5149*a - 69. Calculate p(-78).
9
Let t(y) = 85*y + 582. Determine t(-6).
72
Let a(u) = -3*u**2 + 2*u - 16. What is a(5)?
-81
Let i(t) = -t**3 - 9*t**2 - 6*t + 65. Calculate i(-7).
9
Let q(c) = 5*c**3 - 9*c**2 + 6*c - 5. Determine q(4).
195
Let s(k) = 4*k**2 + 6*k - 75. Calculate s(12).
573
Let c(h) = 10*h**3 - 78*h**2 - 10*h - 45. Calculate c(8).
3
Let y(g) = -g**3 + 7*g**2 - 79*g + 880. Calculate y(9).
7
Let u(o) = 12*o**2 + 143*o + 145. What is u(-17)?
1182
Let s(j) = 12*j - 3. Give s(-2).
-27
Let x(j) = 6*j + 265. Determine x(-48).
-23
Let o(d) = -d**2 + 108*d - 216. What is o(2)?
-4
Let d(m) = -m**3 + 7*m**2 - 174*m + 1001. What is d(6)?
-7
Let h(b) = 51*b**2 + 205*b + 147. What is h(-3)?
-9
Let g(k) = -191*k**2 - 6*k + 2. Calculate g(2).
-774
Let j(n) = 136*n**2 - 12*n + 28. What is j(2)?
548
Let l(w) = -16*w**2 + 1829*w - 2365. What is l(113)?
8
Let u(y) = -y**3 + 70*y**2 - 502*y + 339. Give u(62).
-33
Let h(f) = 355*f - 710. Determine h(2).
0
Let n(s) = 2*s**2 + 48*s - 2592. Determine n(-50).
8
Let o(k) = -13*k**2 - 97*k - 136. Give o(-6).
-22
Let c(x) = -x**3 + 27*x**2 - 151*x + 2. Give c(8).
10
Let r(p) = 13*p - 157. Calculate r(10).
-27
Let i(x) = -x**2 - 48*x + 517. Determine i(9).
4
Let o(k) = k**2 - 21*k + 2. Calculate o(8).
-102
Let x(z) = z**3 - 3*z**2 + 5*z - 14. What is x(0)?
-14
Let f(k) = 25*k**2 + 2*k - 5. What is f(4)?
403
Let m(b) = 7*b + 14. Calculate m(-18).
-112
Let t(g) = -66*g**2 - 3436*g - 211. Calculate t(-52).
-3
Let z(d) = -15*d - 35. Determine z(7).
-140
Let l(m) = -m**3 + 95*m**2 - 179*m - 455. Give l(93).
196
Let s(x) = 13*x - 121. Determine s(0).
-121
Let t(k) = k**3 + 34*k**2 + 168*k + 628. Give t(-29).
-39
Let j(d) = -1188*d + 3581. Determine j(3).
17
Let q(n) = -4*n**2 - 21*n + 263. Determine q(-11).
10
Let r(z) = -19*z + 486. Give r(22).
68
Let a(v) = -v**3 - 43*v**2 + 196*v + 390. Give a(-47).
14
Let m(n) = -2*n**2 - 99*n + 364. Give m(-53).
-7
Let n(q) = 25*q**3 - 3*q**2 - 3*q. Determine n(-1).
-25
Let v(k) = 828*k - 4145. Calculate v(5).
-5
Let f(s) = 5*s**3 - 8*s**2 - 8*s + 9. Determine f(2).
1
Let s(a) = -594*a + 2386. What is s(4)?
10
Let g(n) = -113*n - 814. What is g(-10)?
316
Let z(j) = -j**2 - 165*j + 3484. Calculate z(19).
-12
Let z(d) = -16*d - 37. What is z(-2)?
-5
Let j(b) = b**3 + 25*b**2 + 109*b + 170. Calculate j(-20).
-10
Let d(h) = -3*h**3 + 278*h**2 - 182*h - 169. What is d(92)?
15
Let d(i) = i**2 + 80*i + 1067. Calculate d(-62).
-49
Let u(r) = 3*r**2 - 37*r + 27. Calculate u(-7).
433
Let d(t) = -t**2 + 822*t + 4958. Give d(-6).
-10
Let v(x) = -39*x**2 + 29*x - 1. Give v(-4).
-741
Let c(g) = 11*g**3 + 59*g**2 + 2*g + 46. Calculate c(-5).
136
Let b(l) = -l**3 + 96*l + 192. Give b(-2).
8
Let f(l) = -l**3 - 38*l**2 + 606*l + 299. Calculate f(-50).
-1
Let o(p) = 2*p**3 + 92*p**2 - 82*p - 41. Give o(-47).
-605
Let q(z) = -8*z**2 - 216*z + 2. What is q(-27)?
2
Let v(w) = -2*w**3 + 34*w**2 + 410*w + 4. Calculate v(-8).
-76
Let d(z) = -34*z + 134. Calculate d(4).
-2
Let b(v) = 2*v**2 - 106*v - 1818. Calculate b(67).
58
Let x(w) = 3*w**2 - 30*w - 344. Give x(-7).
13
Let l(b) = b**2 + 2664*b - 10674. Calculate l(4).
-2
Let y(b) = 2*b**3 + b**2 - 3*b + 9. Calculate y(-4).
-91
Let d(f) = -11*f**2 + 2*f - 18. Calculate d(0).
-18
Let l(t) = -t**2 - 14*t + 64. Determine l(5).
-31
Let c(q) = 2*q**3 + 165*q**2 - 79*q + 500. Calculate c(-83).
168
Let z(k) = -k**2 + 19*k - 91. Give z(14).
-21
Let q(l) = l**2 + 41*l - 162. Determine q(-45).
18
Let y(o) = -36*o**2 + 263*o - 80. Calculate y(7).
-3
Let x(m) = m**2 - 240*m + 12965. Give x(158).
9
Let m(n) = n**3 + 12*n**2 + 8*n - 48. What is m(-10)?
72
Let t(z) = -3*z**2 + 435*z - 2561. What is t(6)?
-59
Let u(z) = 2*z**3 - 57*z**2 + 215*z - 10. Calculate u(24).
-34
Let w(p) = -92*p**2 - 256*p - 255. Give w(-1).
-91
Let m(h) = 1134*h - 6818. Determine m(6).
-14
Let j(f) = 54*f + 659. What is j(-15)?
-151
Let u(p) = -2*p**2 + 35*p - 232. What is u(16)?
-184
Let p(v) = -7*v**3 + 90*v**2 + 134*v - 1559. Give p(13).
14
Let k(f) = 48*f**2 - 16*f - 16. Give k(-1).
48
Let y(d) = 59*d + 351. Determine y(-6).
-3
Let c(a) = a**3 - 76*a**2 + 144*a + 292. Calculate c(74).
-4
Let y(c) = -c**3 - 11*c**2 + 106*c - 25. Determine y(6).
-1
Let y(u) = -1122*u + 11215. Give y(10).
-5
Let s(b) = -31*b - 868. Calculate s(-28).
0
Let l(g) = g + 103. Calculate l(42).
145
Let w(y) = -2*y**3 + 9*y**2 - 6*y - 2. Determine w(6).
-146
Let k(h) = 208*h + 622. Give k(-3).
-2
Let j(u) = 32*u - 74. Determine j(-7).
-298
Let d(r) = 2*r**3 - 4*r**2 + 6*r - 61. What is d(6)?
263
Let g(q) = 7*q**2 + 202*q - 253. Determine g(-30).
-13
Let l(f) = 3*f**2 + 8*f + 6. What is l(-3)?
9
Let n(b) = -54*b + 50. Calculate n(2).
-58
Let h(m) = 9*m**2 - 98*m - 15. Determine h(10).
-95
Let w(q) = 74*q**3 + 22*q - 20. Calculate w(1).
76
Let j(a) = -6*a**2 - 14*a - 54. What is j(-9)?
-414
Let c(k) = 96*k**2 - 4*k + 3. Give c(1).
95
Let t(m) = -5*m**2 - 58*m + 182. Determine t(-14).
14
Let i(g) = -21*g + 2002. Calculate i(105).
-203
Let n(k) = 2*k**2 - 68*k - 545. Determine n(41).
29
Let h(s) = 8*s**2 + 62*s - 65. Determine h(-5).
-175
Let n(o) = 201*o - 5606. Give n(28).
22
Let i(m) = m**3 - 148*m**2 + 4*m - 611. Give i(148).
-19
Let y(g) = 3*g**2 + 227*g - 789. Calculate y(-79).
1
Let o(f) = 7*f + 136. Give o(-28).
-60
Let l(q) = 216*q**2 - 6*q + 4. What is l(1)?
214
Let i(m) = 290*m - 1477. Give i(5).
-27
Let u(j) = -135*j - 2695. Determine u(-19).
-130
Let w(d) = 10*d**2 - 56*d - 16. Calculate w(6).
8
Let r(k) = -4*k**2 - 23*k - 15. Calculate r(-7).
-50
Let v(h) = h**3 + 12*h**2 + 2*h - 222. Calculate v(-7).
9
Let i(n) = 2*n**2 - 8*n + 2. Give i(-9).
236
Let j(g) = g**2 - 137*g + 3625. Determine j(48).
-647
Let d(b) = -3*b**2 - 31*b + 272. Determine d(-16).
0
Let p(w) = -w**3 - 10*w**2 - 76*w - 488. Determine p(-8).
-8
Let s(c) = -7*c**3 + 55*c**2 - c + 8. Determine s(8).
-64
Let h(w) = 6990*w + 566189. Determine h(-81).
-1
Let u(j) = 2*j**2 + 258*j + 4541. Calculate u(-21).
5
Let r(i) = -11*i**3 - 45*i**2 - 18*i - 17. Give r(-3).
-71
Let n(t) = -464*t + 2912. What is n(6)?
128
Let m(g) = -32*g - 20. Give m(4).
-148
Let m(x) = 5*x**2 - 269*x + 1629. Calculate m(7).
-9
Let r(u) = 13*u**3 - u**2 + 16*u + 27. Give r(-2).
-113
Let d(n) = -19*n**3 + 150*n**2 + 3*n + 64. Give d(8).
-40
Let o(q) = q**3 + 6*q**2 + 61*q - 405. Give o(4).
-1
Let h(r) = -1045*r + 1030. Calculate h(1).
-15
Let a(b) = b**3 - 13*b**2 + 14*b + 30. Give a(11).
-58
Let k(j) = 2*j**2 - 87*j - 1137. Give k(54).
-3
Let q(n) = n**3 - 432*n**2 - 3085*n - 73. Determine q(-7).
11
Let i(f) = -1867*f + 11200. Determine i(6).
-2
Let k(i) = 6*i**2 + 51*i + 9. Determine k(-13).
360
Let g(m) = m**3 + 169*m**2 - 130*m + 6760. What is g(-170)?
-40
Let z(k) = 119*k - 10229. Determine z(86).
5
Let v(m) = 1135*m**2 + 4541*m + 10. Calculate v(-4).
6
Let r(j) = 50*j**3 + 8*j**2 - 2*j - 2. What is r(-1)?
-42
Let w(y) = -2*y**2 - 4*y - 7. Give w(-2).
-7
Let w(a) = -2*a**2 + 71*a + 88. Give w(41).
-363
Let p(n) = -n**3 - 40*n**2 - 223*n - 11. Calculate p(-7).
-67
Let v(w) = -w**3 - 17*w**2 - 10*w - 15. Determine v(-17).
155
Let b(x) = -49*x**2 + 432*x - 9. Give b(7).
614
Let j(u) = -277*u - 12471. What is j(-45)?
-6
Let f(g) = 19*g + 495. Determine f(-29).
-56
Let j(s) = -3*s**3 + s**2 - 5*s + 5. Give j(5).
-370
Let y(u) = -u**3 + 74*u**2 - 78*u + 438. Calculate y(73).
73
Let s(b) = 11*b - 346. Give s(35).
39
Let x(t) = 9*t**2 + 275*t - 5321. Calculate x(-44).
3
Let s(y) = 10563*y + 73932. What is s(-7)?
-9
Let i(y) = -1051*y - 3148. What is i(-3)?
5
Let d(l) = -39